e thousands digit of 3188?
3
What is the units digit of 228?
8
What is the units digit of 1034?
4
What is the hundreds digit of 342?
3
What is the thousands digit of 1429?
1
What is the tens digit of 8714?
1
What is the thousands digit of 15815?
5
What is the ten thousands digit of 65780?
6
What is the thousands digit of 9189?
9
What is the ten thousands digit of 68531?
6
What is the tens digit of 13147?
4
What is the units digit of 9322?
2
What is the hundreds digit of 62413?
4
What is the tens digit of 774?
7
What is the tens digit of 961?
6
What is the units digit of 47279?
9
What is the tens digit of 1031?
3
What is the thousands digit of 8827?
8
What is the hundreds digit of 4337?
3
What is the ten thousands digit of 37350?
3
What is the thousands digit of 6680?
6
What is the ten thousands digit of 103564?
0
What is the units digit of 7207?
7
What is the tens digit of 631?
3
What is the tens digit of 272?
7
What is the thousands digit of 9041?
9
What is the tens digit of 7308?
0
What is the thousands digit of 1180?
1
What is the units digit of 26469?
9
What is the tens digit of 25?
2
What is the units digit of 227?
7
What is the tens digit of 24042?
4
What is the hundreds digit of 1384?
3
What is the thousands digit of 1135?
1
What is the units digit of 9071?
1
What is the units digit of 1066?
6
What is the tens digit of 34866?
6
What is the ten thousands digit of 15628?
1
What is the hundreds digit of 1413?
4
What is the tens digit of 4100?
0
What is the units digit of 1732?
2
What is the thousands digit of 6013?
6
What is the tens digit of 22019?
1
What is the tens digit of 64170?
7
What is the thousands digit of 94008?
4
What is the hundreds digit of 20207?
2
What is the hundreds digit of 456?
4
What is the hundreds digit of 6912?
9
What is the thousands digit of 8437?
8
What is the tens digit of 108684?
8
What is the tens digit of 5335?
3
What is the units digit of 1726?
6
What is the thousands digit of 5765?
5
What is the thousands digit of 3912?
3
What is the thousands digit of 4635?
4
What is the thousands digit of 16022?
6
What is the hundreds digit of 1488?
4
What is the thousands digit of 2623?
2
What is the units digit of 65329?
9
What is the thousands digit of 1102?
1
What is the tens digit of 76?
7
What is the units digit of 1304?
4
What is the units digit of 157?
7
What is the thousands digit of 1300?
1
What is the tens digit of 5436?
3
What is the hundreds digit of 3194?
1
What is the ten thousands digit of 23833?
2
What is the ten thousands digit of 12403?
1
What is the units digit of 4045?
5
What is the thousands digit of 6962?
6
What is the thousands digit of 1918?
1
What is the hundreds digit of 1509?
5
What is the hundreds digit of 1207?
2
What is the hundreds digit of 389?
3
What is the hundreds digit of 25838?
8
What is the tens digit of 710?
1
What is the hundreds digit of 15420?
4
What is the units digit of 2008?
8
What is the hundreds digit of 500?
5
What is the units digit of 30270?
0
What is the tens digit of 64896?
9
What is the hundreds digit of 554?
5
What is the thousands digit of 14441?
4
What is the tens digit of 19605?
0
What is the units digit of 324?
4
What is the tens digit of 46?
4
What is the units digit of 11636?
6
What is the tens digit of 3455?
5
What is the tens digit of 12855?
5
What is the thousands digit of 7065?
7
What is the units digit of 2138?
8
What is the thousands digit of 39543?
9
What is the hundred thousands digit of 155357?
1
What is the tens digit of 12152?
5
What is the ten thousands digit of 28602?
2
What is the thousands digit of 3866?
3
What is the hundreds digit of 4297?
2
What is the units digit of 7145?
5
What is the hundreds digit of 5631?
6
What is the ten thousands digit of 99562?
9
What is the tens digit of 346?
4
What is the tens digit of 530?
3
What is the thousands digit of 3585?
3
What is the units digit of 47240?
0
What is the units digit of 3940?
0
What is the tens digit of 406?
0
What is the hundreds digit of 39683?
6
What is the tens digit of 621?
2
What is the thousands digit of 5838?
5
What is the ten thousands digit of 60575?
6
What is the units digit of 4900?
0
What is the thousands digit of 30127?
0
What is the thousands digit of 2648?
2
What is the hundreds digit of 19497?
4
What is the tens digit of 4775?
7
What is the tens digit of 1156?
5
What is the thousands digit of 4747?
4
What is the units digit of 82092?
2
What is the hundreds digit of 1960?
9
What is the hundreds digit of 557?
5
What is the thousands digit of 17484?
7
What is the tens digit of 987?
8
What is the ten thousands digit of 18123?
1
What is the thousands digit of 20561?
0
What is the hundreds digit of 4460?
4
What is the units digit of 25506?
6
What is the thousands digit of 3133?
3
What is the thousands digit of 1723?
1
What is the hundreds digit of 16681?
6
What is the units digit of 6831?
1
What is the tens digit of 61255?
5
What is the thousands digit of 1000?
1
What is the units digit of 87624?
4
What is the hundreds digit of 3620?
6
What is the thousands digit of 3591?
3
What is the hundreds digit of 51842?
8
What is the thousands digit of 51518?
1
What is the thousands digit of 6747?
6
What is the tens digit of 953?
5
What is the hundreds digit of 33704?
7
What is the ten thousands digit of 10601?
1
What is the hundreds digit of 4009?
0
What is the ten thousands digit of 99327?
9
What is the units digit of 692?
2
What is the hundreds digit of 59907?
9
What is the hundreds digit of 1598?
5
What is the ten thousands digit of 15103?
1
What is the thousands digit of 57610?
7
What is the thousands digit of 4225?
4
What is the hundreds digit of 1074?
0
What is the tens digit of 38917?
1
What is the tens digit of 4037?
3
What is the tens digit of 2895?
9
What is the units digit of 8675?
5
What is the thousands digit of 146578?
6
What is the thousands digit of 10274?
0
What is the tens digit of 27276?
7
What is the tens digit of 1686?
8
What is the tens digit of 29324?
2
What is the tens digit of 19978?
7
What is the thousands digit of 76996?
6
What is the hundreds digit of 34355?
3
What is the hundreds digit of 7168?
1
What is the units digit of 443?
3
What is the units digit of 16502?
2
What is the tens digit of 2645?
4
What is the ten thousands digit of 16544?
1
What is the hundreds digit of 19227?
2
What is the hundreds digit of 23347?
3
What is the tens digit of 10356?
5
What is the hundreds digit of 1029?
0
What is the thousands digit of 6406?
6
What is the tens digit of 11171?
7
What is the units digit of 3236?
6
What is the hundred thousands digit of 102327?
1
What is the thousands digit of 3041?
3
What is the hundreds digit of 12567?
5
What is the ten thousands digit of 106393?
0
What is the units digit of 412?
2
What is the units digit of 19175?
5
What is the hundreds digit of 996?
9
What is the units digit of 7509?
9
What is the hundreds digit of 333?
3
What is the thousands digit of 9625?
9
What is the ten thousands digit of 65041?
6
What is the hundreds digit of 6804?
8
What is the tens digit of 773?
7
What is the units digit of 1987?
7
What is the hundreds digit of 1933?
9
What is the ten thousands digit of 89412?
8
What is the thousands digit of 3668?
3
What is the tens digit of 1085?
8
What is the hundreds digit of 36590?
5
What is the units digit of 416?
6
What is the tens digit of 19707?
0
What is the units digit of 1908?
8
What is the ten thousands digit of 98973?
9
What is the thousands digit of 1886?
1
What is the hundreds digit of 5894?
8
What is the tens digit of 4659?
5
What is the thousands digit of 1803?
1
What is the units digit of 3794?
4
What is the hundreds digit of 4409?
4
What is the hundreds digit of 716?
7
What is the tens digit of 208?
0
What is the hundreds digit of 24599?
5
What is the thousands digit of 1314?
1
What is the tens digit of 9674?
7
What is the thousands digit of 13256?
3
What is the units digit of 13285?
5
What is the hundreds digit of 935?
9
What is the units digit of 81499?
9
What is the thousands digit of 5857?
5
What is the tens digit of 1691?
9
What is the units digit of 5118?
8
What is the thousands digit of 1250?
1
What is the units digit of 13790?
0
What is the units digit of 23136?
6
What is the tens digit of 5200?
0
What i